 2*u = -2*u - 296. What is the highest common divisor of 529 and y?
23
Let u be 77/5 - (-6)/10. Suppose 14*q = u*q - 66. Let b be (-3634)/(-10) - (-4)/(-10). Calculate the highest common factor of q and b.
33
Suppose -9 = -2*c - 1, 4*q - 2*c + 36 = 0. Let y = q + 9. Suppose 2*g + 4*m = -g + 23, -m + y = 0. What is the greatest common divisor of g and 20?
5
Let o be (-1273)/14*-2 + (-2)/(-14). Calculate the highest common divisor of 14 and o.
14
Let x(r) = 18*r + 72. Let k be x(12). Calculate the highest common divisor of k and 9.
9
Let f(o) = 35*o + 191. Let c be f(-5). Calculate the highest common divisor of 1424 and c.
16
Let y = 147 + -232. Let k = y + 101. Calculate the greatest common factor of 4 and k.
4
Let k be 405 + (2 - 3)*2. Let z = 317 - 317. Suppose 3*l + 103 - k = z. What is the highest common factor of 20 and l?
20
Let a be (-230)/92*(-98 - 0). What is the greatest common divisor of a and 147?
49
Let t(o) = 2*o**3 + 26*o**2 + 6*o - 68. Let v be t(-11). Calculate the highest common factor of 14 and v.
14
Let z = -20 - -22. Let m be -3 - (-11 + (z - 2)). Suppose -v - 120 = -4*v. Calculate the highest common factor of v and m.
8
Let o be -9*((-8)/48 - (-1)/(-6)). Calculate the greatest common factor of o and 75.
3
Let a be (-2)/(0 - (-2)/(-4)). Calculate the highest common divisor of a and 44.
4
Suppose -2*u = u - 12. What is the highest common divisor of u and 52?
4
Let f = -16 - -55. Calculate the greatest common divisor of 325 and f.
13
Let m(f) = f**2 - 7*f - 10. Let k be m(9). Suppose 0 = -5*h + w + 167, -7 = -5*w + k. Calculate the highest common divisor of 85 and h.
17
Let s(j) = -j**3 - 25*j**2 - 31*j - 28. Let z be s(-24). What is the highest common factor of 56 and z?
28
Let o be (4 + 0 - 6) + 205. Suppose 0 = 4*f + 5*i - o, -3*i - 120 = -2*f - 13. Calculate the greatest common factor of 4 and f.
4
Suppose -3*n = -6 - 18. Suppose 3*l + s + 0 = n, l + s = 6. Let j(g) = 41*g**3 + 1. Let c be j(l). Calculate the highest common factor of 14 and c.
14
Let v(d) = 9*d + 29. Let r be 158/18 - 12/(-54). Let b be v(r). What is the highest common divisor of 44 and b?
22
Let r(k) = 2*k - 175. Let n be r(94). Let q be -1 - (-25 + (-2)/1). What is the greatest common divisor of q and n?
13
Let l(i) = i**3 + 4*i**2 + 4*i - 2. Let n be l(-3). Let k(q) = -q**3 - 4*q**2 + 2*q - 4. Let t be k(n). What is the greatest common factor of t and 88?
11
Let j(s) = 34*s - 343. Let i be j(13). What is the highest common divisor of 63 and i?
9
Suppose 8736 = -260*p + 266*p. What is the greatest common divisor of 91 and p?
91
Let a be 1*-294*(-45)/6. Calculate the greatest common divisor of a and 45.
45
Suppose 5738 = 37*z - 8692. What is the greatest common factor of z and 143?
13
Let m(h) = -h**2 + h. Let j be m(1). Let k = -116 - -119. Suppose -5*x - 2*s + 41 = -k*s, x - s - 9 = j. Calculate the greatest common factor of 32 and x.
8
Let c be 3*-22*8/(-48). Calculate the greatest common divisor of 77 and c.
11
Let n be (14 - (3 + -1))*(-102)/(-9). What is the greatest common factor of 16 and n?
8
Let f = -13 + 23. Suppose -3*u = 6, -2*c - 5*u + 0*u + 70 = 0. Calculate the greatest common factor of c and f.
10
Let t(b) = 6*b**2 + 2*b - 2. Let k be t(-2). What is the highest common divisor of k and 63?
9
Suppose 0*h = -h + 39. Suppose m - h = -2*m. Let t(f) = f**3 + 32*f**2 + 209*f - 19. Let u be t(-10). Calculate the greatest common divisor of m and u.
13
Suppose 9*f = 6*f + 264. Let c = 6 - -5. Calculate the highest common divisor of c and f.
11
Suppose -18 = -3*v + 78. Let b = v - 28. What is the greatest common factor of b and 10?
2
Let v = -846 + 855. What is the highest common factor of v and 87?
3
Suppose 2033 + 1288 = 41*v. What is the greatest common factor of v and 18?
9
Suppose -3*d - 3 - 6 = 0. Let o be 6*(1 - 9/d). Let a = 41 + -25. Calculate the highest common divisor of a and o.
8
Let v be (5 - 2)*-3*1. Let f be (-3)/9 + (-813)/v. Suppose -n - d + 30 = 4*d, 3*d = 2*n - 8. Calculate the greatest common factor of f and n.
10
Let j(y) = -5*y + 20. Let z be j(4). Suppose z = -2*s - n + 245, 0 = -5*n - 23 - 2. What is the greatest common divisor of s and 50?
25
Let f be 1/(-3) + 76/(-6). Let m be (17 + -2)/(f/(-39)). Suppose -t - 2 = 0, 64 = 2*b + b - 5*t. What is the highest common divisor of b and m?
9
Let f(r) = -2*r**2 + 27*r - 25. Suppose 3*s = u - 2 - 4, -2*u = -4*s - 16. Let k be f(u). Calculate the highest common factor of k and 77.
11
Let d = -19 - -19. Suppose 5*j + a = -d*a + 284, 5*j + 3*a - 292 = 0. What is the highest common divisor of 14 and j?
14
Let w(h) = 27*h**3 + 3*h**2 + h - 5. Let r be w(3). Calculate the greatest common factor of 78 and r.
26
Suppose -5*g + 6 + 9 = 0. Suppose -q - h = -2, 0 = -g*q - 4*h + 10 - 3. Let t be 1 - -2 - q - -40. Calculate the highest common factor of 14 and t.
14
Let b = 142 - 97. Let n(j) = j**3 + 10*j**2 - 15 + 1 + 5 + 6*j. Let k be n(-9). What is the greatest common factor of k and b?
9
Suppose 3*n = -4*x + 51, -111 = -5*n + x + x. Let q be (2/3)/(2/42). Calculate the greatest common divisor of q and n.
7
Let a be 5/15 + 431/3. Suppose 198*m = 145*m + 1908. Calculate the highest common divisor of m and a.
36
Let c = 268 + -219. What is the highest common factor of 1 and c?
1
Suppose 58 = 13*s - 11*s. Suppose -o + 55 = s. Suppose -5*h + 50 + 145 = 0. Calculate the highest common divisor of h and o.
13
Let b(x) = -8*x**2 - 118*x + 46. Let g be b(-15). Let r be 114/9 + 4/(-6). Calculate the greatest common factor of g and r.
4
Suppose -32*r + 56 = -360. What is the highest common factor of r and 65?
13
Let u be 36*-6*(5 + (-29)/4). What is the highest common divisor of 18 and u?
18
Let w = -269 - -300. What is the highest common factor of w and 279?
31
Let x be (-12)/((-12)/108*(6 - 0)). What is the highest common divisor of x and 18?
18
Let x be (-427)/(-63) - -12 - (-2)/9. Calculate the greatest common divisor of 57 and x.
19
Let j be 2*-4*(-49)/98. Suppose 5*r - 94 = 46. What is the highest common divisor of r and j?
4
Let i = 1016 + -983. What is the greatest common divisor of i and 253?
11
Suppose -r = -5*n - 39, 3*r - n - 75 = -2*r. Suppose -r*o + 8*o = -144. What is the highest common divisor of o and 108?
12
Let t be (-15600)/25*(4/3)/(-2). What is the greatest common factor of 13 and t?
13
Suppose -2*v + 0 = -6. Suppose y = -5*q + 48, 4*q - 2*y = v*y + 21. Let u = -1757 + 1802. Calculate the highest common divisor of u and q.
9
Let z(k) = -3*k**2 - 23*k - 1. Let x(m) = 3*m**2 + 22*m + 1. Let q(j) = 2*x(j) + 3*z(j). Let h be q(-6). What is the greatest common divisor of h and 205?
41
Let o(r) = r**3 - 49*r - 10. Let s be o(-6). Calculate the highest common divisor of s and 136.
68
Suppose -m = -20 - 100. Let w(r) = 14*r**2 - 2*r + 3. Let l(g) = 2*g**2 + g - 2. Let a be l(1). Let p be w(a). Calculate the greatest common factor of m and p.
15
Let h(c) = c**3 - 3*c**2 + c - 7. Suppose -3*q = 4*z - 11, 3*q - 3*z - 18 = -0*z. Let n be h(q). Calculate the highest common factor of n and 12.
12
Let b = 53 - 36. Calculate the greatest common factor of b and 1411.
17
Let y(b) = 4*b**2 - 15*b + 16. Let p be y(1). Let q = -1 + 4. Suppose 3*j - 15 = -q*t, 3*j = 2*j + t + 5. Calculate the greatest common factor of p and j.
5
Let z(r) = 15*r + 15 + 16 - 7 + 4. Let k be z(8). Calculate the highest common divisor of 37 and k.
37
Let g be ((-3)/(-6))/((-2)/(-20)). Suppose -15 + 35 = g*p. Suppose 48 = 5*m - 0*m - p*z, 0 = m - z - 9. What is the highest common divisor of m and 108?
12
Let j be (-4)/(-10) + (35504/(-5))/(-8). What is the highest common divisor of 24 and j?
24
Let x be (-340)/15*(-1617)/44. What is the greatest common divisor of x and 51?
17
Suppose 5*h - 563 = -4*k, -2*h = -4*h + 4*k + 242. Suppose 0 = -3*v + h + 245. What is the greatest common divisor of 24 and v?
24
Suppose 0*f + f = 75. Let a = 40 + f. Suppose 0 = -2*h + 5*p + 82, -2*p + 5*p - 6 = 0. What is the greatest common factor of a and h?
23
Let v = 39 - 24. Suppose -f - j = f - 23, -2*f + 19 = 5*j. Suppose -4*p + 72 - f = 0. What is the highest common factor of p and v?
15
Suppose 0 = x - 11*x + 1440. What is the highest common divisor of 36 and x?
36
Suppose 4*o = -3*q, 0*q - 4*o = -q + 16. Suppose 0*s + 384 = q*s. Wha